 of 1653489187?
False
Is 1720056419 a multiple of 125?
False
Does 663 divide 20854877?
False
Does 143 divide 6759467?
True
Is 21 a factor of 1365136563?
True
Is 106402184 a multiple of 56?
True
Is 34035024 a multiple of 1542?
True
Is 67273696 a multiple of 32?
True
Is 119448293 a multiple of 21?
False
Is 14884880 a multiple of 8?
True
Does 163 divide 4284412958?
False
Is 36 a factor of 134682120?
True
Is 4 a factor of 96193194?
False
Is 6831 a factor of 4316023899?
True
Is 65198670 a multiple of 870?
True
Does 1445 divide 371773442?
False
Is 1351 a factor of 170314363?
False
Is 2843450 a multiple of 58?
True
Does 9 divide 1221865?
False
Is 16838678 a multiple of 18?
False
Does 54 divide 41031522?
True
Is 2654 a factor of 910913842?
True
Does 611 divide 22744475?
True
Is 194 a factor of 149879365?
False
Does 81 divide 90935469?
False
Is 5 a factor of 4118755?
True
Is 9592146 a multiple of 6?
True
Is 235 a factor of 199032310?
True
Does 608 divide 9321856?
True
Is 8447483 a multiple of 506?
False
Is 265 a factor of 1395419775?
True
Is 60 a factor of 60124080?
True
Does 9213 divide 1264253925?
True
Is 863 a factor of 258438295?
True
Is 1133 a factor of 145025133?
True
Is 3933904 a multiple of 155?
False
Is 2320911984 a multiple of 229?
False
Is 307 a factor of 602298081?
True
Does 760 divide 1461566383?
False
Is 46335533 a multiple of 59?
False
Does 107 divide 6731370?
True
Is 109822452 a multiple of 12?
True
Does 38 divide 9500950?
True
Does 21 divide 2828402829?
True
Is 1437 a factor of 754051380?
True
Does 18 divide 77078104?
False
Does 1207 divide 23508532?
False
Is 64512920 a multiple of 113?
False
Does 398 divide 353517107?
False
Is 437 a factor of 349568536?
True
Is 76578642 a multiple of 238?
True
Does 7 divide 848772317?
False
Is 26 a factor of 262488696?
False
Is 47 a factor of 795961144?
False
Is 431012690 a multiple of 373?
True
Is 413048922 a multiple of 11?
True
Is 24528127 a multiple of 41?
True
Is 2357 a factor of 90808577?
False
Is 1153822782 a multiple of 386?
False
Does 1914 divide 642543198?
True
Is 600 a factor of 20809422?
False
Does 1306 divide 2390618561?
False
Does 331 divide 2297824177?
True
Is 119134561 a multiple of 674?
False
Does 12 divide 22209120?
True
Is 16635966 a multiple of 402?
True
Is 12 a factor of 23833572?
True
Does 90 divide 20061341?
False
Does 901 divide 173319366?
False
Is 56 a factor of 1323108692?
False
Does 10 divide 23839110?
True
Does 138 divide 24759132?
True
Is 18 a factor of 226963509?
False
Does 19 divide 4292191071?
False
Is 25 a factor of 2044817847?
False
Is 20 a factor of 824456594?
False
Does 489 divide 30007974?
True
Does 33 divide 10219506?
True
Does 5 divide 13426129?
False
Is 1178730405 a multiple of 129?
True
Is 2274468795 a multiple of 135?
True
Does 4 divide 18567071?
False
Is 88605310 a multiple of 1982?
True
Does 9 divide 913869?
True
Is 109 a factor of 121922386?
True
Is 64 a factor of 3771048?
False
Is 967 a factor of 77491512?
True
Is 44066516 a multiple of 316?
True
Is 86776131 a multiple of 13?
True
Is 26091791 a multiple of 5?
False
Is 61213055 a multiple of 29?
True
Is 149606127 a multiple of 11?
True
Is 44 a factor of 37171332?
True
Does 89 divide 557119226?
False
Does 1768 divide 96805072?
True
Is 1178 a factor of 1716232832?
False
Is 862 a factor of 48306852?
False
Does 11 divide 33273394?
True
Is 34823010 a multiple of 597?
True
Is 194 a factor of 36032008?
True
Does 92 divide 48590904?
True
Is 24023638 a multiple of 9?
False
Is 458150 a multiple of 34?
True
Is 119083845 a multiple of 159?
True
Does 10 divide 4198699080?
True
Is 693 a factor of 759174570?
True
Is 32582939 a multiple of 2024?
False
Does 1584 divide 171080607?
False
Is 124 a factor of 32043212?
True
Is 1357 a factor of 1697620525?
False
Does 14 divide 10744216?
True
Does 28 divide 13598873?
False
Does 109 divide 111803807?
True
Is 247954941 a multiple of 704?
False
Is 192 a factor of 212528128?
False
Is 446054140 a multiple of 624?
False
Does 1632 divide 1885180320?
True
Does 50 divide 1546650?
True
Does 1779 divide 40760448?
True
Is 4382228 a multiple of 2?
True
Is 239724540 a multiple of 180?
True
Is 149 a factor of 219066198?
False
Does 2563 divide 631325622?
False
Is 1091795455 a multiple of 97?
False
Is 1150 a factor of 1206325714?
False
Is 298 a factor of 427074230?
True
Does 81 divide 8800346?
False
Does 20 divide 148791693?
False
Is 3 a factor of 48677995?
False
Does 3257 divide 24401800?
False
Is 54223533 a multiple of 26?
False
Is 20 a factor of 27536700?
True
Does 24 divide 7781379?
False
Is 6362 a factor of 1549011694?
False
Is 15 a factor of 1204761435?
True
Is 32385782 a multiple of 1122?
False
Does 180 divide 595192359?
False
Is 8 a factor of 5857527?
False
Is 361123361 a multiple of 1836?
False
Does 2 divide 121178553?
False
Is 52556404 a multiple of 18?
False
Does 903 divide 8976208?
False
Is 8 a factor of 13520114?
False
Is 23 a factor of 346823490?
False
Is 29572776 a multiple of 72?
True
Is 62 a factor of 945860?
False
Does 6 divide 104692320?
True
Does 23 divide 10214814?
False
Is 4 a factor of 6820283?
False
Is 2628330 a multiple of 10?
True
Is 311 a factor of 35989853?
True
Is 17083734 a multiple of 17?
False
Is 393741620 a multiple of 510?
False
Is 2071 a factor of 608306546?
True
Does 184 divide 92147568?
True
Is 1880388305 a multiple of 13?
False
Does 29 divide 991829?
True
Does 189 divide 98486388?
True
Is 26 a factor of 2518604218?
True
Does 1223 divide 58327316?
True
Is 4460 a factor of 98121450?
False
Is 490161814 a multiple of 17?
False
Does 11 divide 34811788?
True
Is 98526050 a multiple of 2975?
True
Is 6809761 a multiple of 26?
False
Does 4 divide 16932064?
True
Is 154499462 a multiple of 13?
True
Is 1926971001 a multiple of 18?
False
Is 7400055 a multiple of 277?
True
Is 16 a factor of 21141133?
False
Is 2089051504 a multiple of 6730?
False
Is 484 a factor of 332026420?
True
Does 4134 divide 55647774?
True
Does 1525 divide 154549600?
True
Is 133 a factor of 925684788?
True
Does 339 divide 424465290?
True
Is 3 a factor of 18255129?
True
Is 391780463 a multiple of 4550?
False
Is 7960008 a multiple of 21?
True
Is 156729794 a multiple of 3?
False
Is 6 a factor of 268594?
False
Is 131 a factor of 121073336?
False
Is 6 a factor of 127375566?
True
Is 23292615 a multiple of 120?
False
Does 5 divide 51857775?
True
Does 2351 divide 399544409?
False
Is 2684046312 a multiple of 36?
True
Is 218267696 a multiple of 7?
False
Does 4883 divide 201003812?
True
Is 17456826 a multiple of 3?
True
Is 3 a factor of 39973242?
True
Is 10 a factor of 171368381?
False
Is 107 a factor of 496072486?
False
Does 22 divide 3305826854?
True
Does 2180 divide 109965447?
False
Is 294 a factor of 24057726?
True
Is 450 a factor of 132924790?
False
Is 763 a factor of 21154938?
True
Is 6376 a factor of 437622488?
False
Is 640411463 a multiple of 1576?
False
Is 5198329 a multiple of 4?
False
Does 4347 divide 178682757?
False
Does 14 divide 22165121?
False
Is 9 a factor of 47566314?
True
Is 2002040214 a multiple of 2740?
False
Does 73 divide 252321090?
False
Does 699 divide 124699503?
True
Does 197 divide 4140349?
True
Is 9 a factor of 11304018?
True
Is 32810381 a multiple of 38?
False
Is 9905 a factor of 273912870?
True
Is 523114551 a multiple of 27?
True
Is 1029837868 a multiple of 12?
False
Does 352 divide 690815488?
True
Does 160 divide 16641774?
False
Is 83 a factor of 192228498?
True
Does 11 divide 570573993?
True
Does 775 divide 5385990935?
False
Does 1267 divide 25571861?
True
Does 45 divide 24684957?
False
Is 29 a factor of 507971090?
False
Is 2036 a factor of 864129300?
True
Is 66 a factor of 14575221?
False
Is 480505646 a multiple of 17?
True
Does 7 divide 377923147?
True
Is 82 a factor of 136780452?
False
Does 2519 divide 332467696?
True
Does 285 divide 827925?
True
Is 65432893 a multiple of 73?
True
Does 26 divide 40729165?
False
Is 4438 a factor of 585443208?
True
Does 170 divide 54604016?
False
Is 616 a factor of 988691088?
True
Is 42 a factor of 132100122?
True
Is 114 a factor of 466657699?
False
Is 7 a factor of 168161?
True
Is 22 a factor of 41423623?
False
Is 14 a factor of 92595818?
True
Is 3368 a factor of 3817900436?
False
Is 9899689 a multiple of 35?
False
Is 23903531 a multiple of 2